= 8447*s**2 + 10*s + 6. Is m(7) prime?
False
Let o be -1 + 2 + 4/2 + 3284. Suppose -5*x + o = 5*g - 18353, -5*g + 3*x + 21632 = 0. Is g a composite number?
False
Suppose 199457 = w - 4*t, -5*t = -5*w - 2*t + 997166. Is w a prime number?
True
Is 14/(395400401/43933351 - 9) - 2/(-11) composite?
False
Let p = -603 + 615. Suppose 4*k - 7*k + 9537 = 0. Suppose -u + p*u = k. Is u a composite number?
True
Let x be (4/2 + -16)*1. Suppose 4*b + 1480 = -4*i, -3*i + 5 = -2*i. Let h = x - b. Is h a composite number?
True
Suppose -792*b + 289078711 = 93927535. Is b a prime number?
True
Let q be 10/(-5) + -5 - 0. Is (-116826)/(-7) - ((-368)/56 - q) a composite number?
True
Let a = -46558 - -89949. Is a a composite number?
False
Let j be 9/(-6)*((-31)/3 + -1). Let c = j + -258. Let u = c - -454. Is u a prime number?
False
Let m be 6/21 - (61/(-7) - -2). Let o = -5 + m. Suppose 5*u - 1737 = n, -2*n + 458 = o*u - 232. Is u prime?
True
Suppose -8398 = -6*t - 150178. Let f = -12907 - t. Is f composite?
False
Suppose -23*f + 86 = -121. Let z(o) = 268*o - 41. Is z(f) a prime number?
True
Suppose -21017 - 71223 = -16*c. Is c a prime number?
False
Suppose 18920 - 86505 - 35948 = -3*k. Is k prime?
True
Suppose 4*b - b = -2*u + 5035, u - 2*b = 2507. Let p = 4050 - u. Is p a prime number?
False
Let z(u) = -4*u + 75. Let a be z(18). Suppose 2*f = k + 110, f + a*k - 67 = -5. Is 6/21 + 4968/f a prime number?
True
Let l(v) = 30*v**2 - 10*v - 16. Suppose 3*r + 19 = -2. Let o be l(r). Suppose 5*w - 4930 = -5*z, -2*z + 468 = -2*w - o. Is z a composite number?
False
Let o(b) = 681*b + 3. Let c be o(2). Let f = 178 + c. Is f composite?
False
Let u = -24 - -27. Suppose 7*y - 4*y + 5 = -5*g, -4*y = -5*g - 40. Suppose 3*i + y*p - 67 = 0, -u*p = -0*p - 6. Is i a prime number?
True
Let d be -3*8/(-18)*(-30)/(-20). Is d/(-9) - (-388844)/36 a composite number?
True
Let q = 68 - 23. Let f = q + -41. Suppose -5*v + 4365 = f*v. Is v prime?
False
Suppose 5*s - 3*v = 28, 0 = 11*s - 12*s - 5*v + 28. Suppose 0 = s*n + 8724 - 67868. Is n prime?
True
Let n be (27/18)/((-2)/4). Let r be n/2*(28/(-6) + 6). Is (1149/(-6))/(r/20) composite?
True
Let y(n) be the second derivative of -21*n**5/20 + 2*n**4/3 - 2*n**3/3 - 8*n**2 + 67*n. Is y(-7) composite?
False
Suppose -3*z + 8 = u - 7*z, 0 = 2*z. Suppose -8792 + 39120 = u*s. Is s composite?
True
Let p be 0 + 679 + -1 + -73 + 69. Suppose 0 = -2*n + 3412 - p. Is n a composite number?
True
Suppose -2*s + 4*z + 19 + 3 = 0, 4*s - 51 = z. Is (13/s)/(3/2343) a composite number?
True
Let n(k) = k**2 - 9*k + 12. Let f be n(6). Let j be 35*2*(-3)/f. Is 2/(-7) + 1/(j/18035) a prime number?
False
Let i(y) be the third derivative of y**6/20 - 11*y**5/60 + 13*y**4/24 + 11*y**3/3 + 58*y**2 + 3. Is i(12) a composite number?
True
Suppose 34 = -3*j + 46. Suppose 6*i - 7*i = -j. Suppose i*s = a + 9225, 2*s - s - 3*a - 2298 = 0. Is s a prime number?
False
Suppose 22*f = -2*f + 720. Suppose 27856 = f*l - 66314. Is l prime?
False
Suppose -51*p + 6576268 = -47*p + 3*y, -y = p - 1644069. Is p composite?
False
Suppose 2*m = 5*g + 2, 0 = 3*m - 3*g - 26 + 5. Suppose 15*x - m*x + 32 = 0. Let s(q) = 14*q**2 - 3*q - 13. Is s(x) a composite number?
False
Suppose 0 = -186*p + 29073391 - 5884957. Is p prime?
True
Suppose 3*y + 76381 - 271290 = 5*o, 0 = -y - o + 64959. Is y a composite number?
True
Suppose 0 = -33*q + 35*q + 34. Let w = q + 21. Suppose -w*h + 271 = 11. Is h a prime number?
False
Let p(x) = 3401*x + 1823. Is p(6) a prime number?
True
Suppose h - 5*x - 57820 - 11118 = 0, 3*x + 344756 = 5*h. Is h prime?
False
Let u(p) = 2*p**3 - 21*p**2 - 8*p + 62. Let d be ((-2)/10 - 2020/(-100)) + -3. Is u(d) prime?
False
Let k(j) = -53*j - 14 - 8229*j**3 - 5914*j**3 + 39*j. Is k(-1) a prime number?
True
Let g = 27977 - -31084. Is g prime?
False
Let l(d) = 67*d**2 - 3*d + 13. Let x(s) = 67*s**2 - 4*s + 13. Let u(r) = 5*l(r) - 4*x(r). Suppose 626*w - 316*w = 309*w + 5. Is u(w) a composite number?
False
Let m = -52 - -243. Is 315/(-21)*m/(-3) a composite number?
True
Suppose -1359*i = -1370*i + 172997. Is i a composite number?
False
Suppose 0 = 2*k + 106*h - 111*h - 83943, -167880 = -4*k + 4*h. Is k composite?
False
Suppose 5*y - 15 = -5*q, 5*q = -0*q - y + 35. Let z = q - 8. Is (-1884)/(-4) + z*(-1)/3 a prime number?
False
Suppose -3383558 = -23*w - 15*w. Is w composite?
False
Suppose -2*r = -3*c - 7, c + 2 - 1 = 0. Suppose 2*m = -r*j + 1828, -4*m + 876 = 2*j - 958. Is j prime?
True
Let a = 198 - 86. Suppose 8218 = -105*b + a*b. Is b a composite number?
True
Let c(g) = 116139*g**2 + 21*g + 15. Is c(-1) prime?
False
Let x(s) = 16*s**2 - 5*s + 6. Let p be x(2). Let q = p - -709. Is q a composite number?
False
Suppose 3*d + 2*g + 81 = -60, 0 = -d - g - 48. Let p be (-79881)/d - (-4)/(-30). Suppose -4*j = 6*i - 3*i - p, j + 4*i = 447. Is j prime?
True
Let u = 77 + -75. Let k(d) = 5619*d - 53. Is k(u) composite?
True
Let w = 1589111 - 119088. Is w composite?
False
Suppose n - g = -4*g + 9, 9 = n + 2*g. Suppose -7*q = 5 + n. Is (6/(-9))/q + (-2904)/(-9) a prime number?
False
Suppose -10*q = -24*q - 7*q + 2008671. Is q a prime number?
True
Let n be (-1)/((12/1712)/((-18)/4)). Let q = n + -459. Is q composite?
True
Let f(s) be the first derivative of 13*s**5/15 + 5*s**4/24 + 2*s**3/3 - 13*s**2/2 - 29. Let d(h) be the second derivative of f(h). Is d(-3) a prime number?
True
Suppose -22*r - 1527092 = -6508090. Is r a composite number?
False
Let h(b) = -b**2 - b + 2. Let i(g) = 441*g**2 + 7*g - 3. Let j(y) = 2*h(y) + i(y). Is j(4) a composite number?
True
Suppose -4*v + 10 = 2*j, -2*v + 6*v + j - 5 = 0. Suppose 0 = -w + 2*o + 27, 5*w + 6*o - 2*o - 163 = v. Is w a composite number?
False
Let t(d) = -d**3 - 2*d + 56. Let q be t(0). Let y = -50 + q. Is -4 + 97 - (y + -2) a prime number?
True
Suppose -207123 = -11*q + 127882. Is q composite?
True
Suppose n + 1522 = -n. Let p = n + 2076. Is p composite?
True
Suppose n = -5 + 11. Is n + 6/6 - -2712 a composite number?
False
Let p(b) = -4*b - 61 + 12 - 651*b**3 + 652*b**3. Is p(12) a prime number?
False
Suppose -72*l + 4*x = -67*l - 418657, 5*l + 5*x - 418720 = 0. Is l a composite number?
False
Suppose -4*x = 20, 2*b + 3*x - 5*x = 8. Let d be (-6)/4 + (-4)/8*b. Is d/(7280/(-2426) + 3) prime?
True
Suppose -i + 2*i = -0*i. Suppose i = -t - t. Suppose l - 2 = t, 3*h + 3*l + 70 = 637. Is h composite?
True
Let h(v) = 4010*v**2 + 3*v - 318. Is h(-7) composite?
True
Let x(n) = 56*n + 6*n**2 + 5*n**3 + 33 - 4*n**3 + 19*n**2 - 2*n**3. Let u be 36/10*((-21)/(-14) + 6). Is x(u) a prime number?
False
Let o = 41821 - -322272. Is o composite?
True
Let r(m) = m - 4. Let w be r(6). Let h(i) = 1 - 15*i**2 - 5 + 20*i**3 + 16*i**2 + 3 + 6. Is h(w) composite?
True
Suppose 10*a = 37*a - 1467261. Is a a composite number?
True
Let w = 3266 - -63125. Is w a prime number?
False
Is ((-5 + -3252)*-1)/((-18)/(-2358)) prime?
False
Suppose 39768 = f - 36*l + 38*l, -5*l = 2*f - 79540. Suppose 0*x = 5*t + 3*x - 6, 4*t - 4*x - 24 = 0. Is f/24 - t/(-9) prime?
True
Let s be ((-2)/(-5))/(((-32)/(-58780))/8). Suppose s = 11*b - 9*b. Is b a prime number?
True
Let b = 138156 + -52060. Suppose 17*i - i - b = 0. Is i prime?
True
Let b(m) = 12 - m**2 + 19*m + 16*m - 31*m. Let t be b(6). Suppose -3*r = -2*k - 1625, -r + 4*k + t*k = -545. Is r prime?
True
Let m(b) = 7461*b - 1055. Is m(8) composite?
True
Suppose 346*s - 24 = 338*s. Suppose 30*f - 1796 = 29*f + 5*g, -s*f + 4*g + 5355 = 0. Is f prime?
False
Suppose 4*t - 77055 = 2309. Suppose -o - 23338 = -3*j, 3*j + 5*o - t = 3527. Is j a composite number?
True
Let t = 695955 + -418868. Is t prime?
True
Suppose 0 = k + 5*o + 484, -2*k - o = 274 + 739. Suppose 2*q + 4 = 0, -3*m - 3410 = -2*q - 3*q. Let i = k - m. Is i composite?
False
Let q(o) = o**3 - 29*o**2 + 16*o - 5. Let j be q(29). Let y = j - -1012. Is y a prime number?
True
Is ((-553)/(-63) - (1 - -8)) + (-3346294)/(-18) a composite number?
True
Let z(l) = -1806*l - 1351. Is z(-9) a composite number?
True
Suppose 61*g - 50063656 = 108233778 + 40009479. Is g composite?
True
Let b be (72/(-90))/(4/10). Let t be 0/29 + -1 + b/(-2). Is -48 - -1646 - (0 + 1 + t) a prime number?
True
Let u = 80 - 80. Suppose u = -3*t + 6, 5*g = g - 4*t + 4492. Is g composite?
True
Suppose -6*b + 96 = -10*b. 